{"id":2110,"date":"2020-03-23T16:49:33","date_gmt":"2020-03-23T15:49:33","guid":{"rendered":"https:\/\/wcdn.wroc.pl\/www\/?page_id=2110"},"modified":"2020-05-06T13:17:41","modified_gmt":"2020-05-06T11:17:41","slug":"historia-i-wos","status":"publish","type":"page","link":"https:\/\/www.wcdn.wroc.pl\/www\/?page_id=2110","title":{"rendered":"Historia i wos"},"content":{"rendered":"<p><img loading=\"lazy\" class=\"alignnone size-medium wp-image-2234 alignright\" src=\"https:\/\/wcdn.wroc.pl\/www\/wp-content\/uploads\/2020\/04\/historia-300x253.png\" alt=\"\" width=\"300\" height=\"253\" srcset=\"https:\/\/www.wcdn.wroc.pl\/www\/wp-content\/uploads\/2020\/04\/historia-300x253.png 300w, https:\/\/www.wcdn.wroc.pl\/www\/wp-content\/uploads\/2020\/04\/historia-768x647.png 768w, https:\/\/www.wcdn.wroc.pl\/www\/wp-content\/uploads\/2020\/04\/historia-1024x863.png 1024w, https:\/\/www.wcdn.wroc.pl\/www\/wp-content\/uploads\/2020\/04\/historia.png 1537w\" sizes=\"(max-width: 300px) 100vw, 300px\" \/><\/p>\n<p><a href=\"https:\/\/wcdn.wroc.pl\/www\/wp-content\/uploads\/2020\/03\/Propozycje-dla-nauczycieli-historii-i-wos-1.doc\">Propozycje dla nauczycieli historii i wos<\/a><\/p>\n<p><a href=\"https:\/\/wcdn.wroc.pl\/www\/wp-content\/uploads\/2020\/03\/Propozycje-dla-nauczycieli-historii-i-wos-cz\u0119\u015b\u0107-2.doc\">Propozycje dla nauczycieli historii i wos cz\u0119\u015b\u0107 2<\/a><\/p>\n<p><a href=\"https:\/\/wcdn.wroc.pl\/www\/wp-content\/uploads\/2020\/03\/Propozycje-dla-nauczycieli-historii-i-wos-cz\u0119\u015b\u0107-3.doc\">Propozycje dla nauczycieli historii i wos cz\u0119\u015b\u0107 3<\/a><\/p>\n<p><a href=\"https:\/\/wcdn.wroc.pl\/www\/wp-content\/uploads\/2020\/04\/Propozycje-dla-nauczycieli-historii-i-wos-cz\u0119\u015b\u0107-4.pdf\">Propozycje dla nauczycieli historii i wos cz\u0119\u015b\u0107 4<\/a><\/p>\n<p><a href=\"https:\/\/wcdn.wroc.pl\/www\/wp-content\/uploads\/2020\/04\/Z-poradnika-historyka_cz_5_konstytucja3maja-opracowanie-Ewa-Skrzywanek.pdf\">Z poradnika historyka_cz_5_konstytucja3maja-opracowanie Ewa Skrzywanek<\/a><\/p>\n<p><a href=\"https:\/\/wcdn.wroc.pl\/www\/wp-content\/uploads\/2020\/05\/Z-PORADNIKA-HISTORYKA-I-WOSOWCA_cz6-1.pdf\">Z PORADNIKA HISTORYKA I WOSOWCA_cz6-1<\/a><\/p>\n","protected":false},"excerpt":{"rendered":"<p>Propozycje dla nauczycieli historii i wos Propozycje dla nauczycieli historii i wos cz\u0119\u015b\u0107 2 Propozycje dla nauczycieli historii i wos cz\u0119\u015b\u0107 3 Propozycje dla nauczycieli historii i wos cz\u0119\u015b\u0107 4 Z poradnika historyka_cz_5_konstytucja3maja-opracowanie Ewa Skrzywanek Z PORADNIKA HISTORYKA I WOSOWCA_cz6-1<\/p>\n","protected":false},"author":1,"featured_media":0,"parent":0,"menu_order":0,"comment_status":"closed","ping_status":"closed","template":"","meta":[],"_links":{"self":[{"href":"https:\/\/www.wcdn.wroc.pl\/www\/index.php?rest_route=\/wp\/v2\/pages\/2110"}],"collection":[{"href":"https:\/\/www.wcdn.wroc.pl\/www\/index.php?rest_route=\/wp\/v2\/pages"}],"about":[{"href":"https:\/\/www.wcdn.wroc.pl\/www\/index.php?rest_route=\/wp\/v2\/types\/page"}],"author":[{"embeddable":true,"href":"https:\/\/www.wcdn.wroc.pl\/www\/index.php?rest_route=\/wp\/v2\/users\/1"}],"replies":[{"embeddable":true,"href":"https:\/\/www.wcdn.wroc.pl\/www\/index.php?rest_route=%2Fwp%2Fv2%2Fcomments&post=2110"}],"version-history":[{"count":7,"href":"https:\/\/www.wcdn.wroc.pl\/www\/index.php?rest_route=\/wp\/v2\/pages\/2110\/revisions"}],"predecessor-version":[{"id":2406,"href":"https:\/\/www.wcdn.wroc.pl\/www\/index.php?rest_route=\/wp\/v2\/pages\/2110\/revisions\/2406"}],"wp:attachment":[{"href":"https:\/\/www.wcdn.wroc.pl\/www\/index.php?rest_route=%2Fwp%2Fv2%2Fmedia&parent=2110"}],"curies":[{"name":"wp","href":"https:\/\/api.w.org\/{rel}","templated":true}]}}