{"id":2126,"date":"2020-03-25T13:27:37","date_gmt":"2020-03-25T12:27:37","guid":{"rendered":"https:\/\/wcdn.wroc.pl\/www\/?page_id=2126"},"modified":"2022-04-07T09:42:18","modified_gmt":"2022-04-07T07:42:18","slug":"edukacja-artystyczna-i-kulturalna","status":"publish","type":"page","link":"https:\/\/www.wcdn.wroc.pl\/www\/?page_id=2126","title":{"rendered":"Edukacja artystyczna i kulturalna"},"content":{"rendered":"<p><img loading=\"lazy\" class=\"alignnone size-medium wp-image-2225 alignright\" src=\"https:\/\/wcdn.wroc.pl\/www\/wp-content\/uploads\/2020\/04\/art-i-kultura-278x300.png\" alt=\"\" width=\"278\" height=\"300\" srcset=\"https:\/\/www.wcdn.wroc.pl\/www\/wp-content\/uploads\/2020\/04\/art-i-kultura-278x300.png 278w, https:\/\/www.wcdn.wroc.pl\/www\/wp-content\/uploads\/2020\/04\/art-i-kultura-768x830.png 768w, https:\/\/www.wcdn.wroc.pl\/www\/wp-content\/uploads\/2020\/04\/art-i-kultura-947x1024.png 947w, https:\/\/www.wcdn.wroc.pl\/www\/wp-content\/uploads\/2020\/04\/art-i-kultura.png 1136w\" sizes=\"(max-width: 278px) 100vw, 278px\" \/><\/p>\n<p><a href=\"https:\/\/padlet.com\/wacowskam\/Bookmarks\">\u015awi\u0119tujmy Dzie\u0144 Ziemi<\/a><\/p>\n<p><a href=\"https:\/\/wcdn.wroc.pl\/www\/wp-content\/uploads\/2020\/04\/\u015awi\u0119to-Zabytk\u00f3w-opracowanie-Magdalena-Wacowska.pdf\">\u015awi\u0119to Zabytk\u00f3w-opracowanie Magdalena Wacowska(405KB, pdf)<\/a><\/p>\n<p><a href=\"https:\/\/wcdn.wroc.pl\/www\/wp-content\/uploads\/2020\/04\/\u015awiatowy-Dzie\u0144-Sztuki.pdf\">\u015awiatowy Dzie\u0144 Sztuki(527KB, pdf)<\/a><\/p>\n<p><a href=\"https:\/\/padlet.com\/zdalnasztuka\/q8trsbhrt4q0\">https:\/\/padlet.com\/zdalnasztuka\/q8trsbhrt4q0<\/a><\/p>\n<p><a href=\"https:\/\/padlet.com\/zdalnasztuka\/hozeojx57lkv\">https:\/\/padlet.com\/zdalnasztuka\/hozeojx57lkv<\/a><\/p>\n<p><a href=\"https:\/\/wcdn.wroc.pl\/www\/wp-content\/uploads\/2020\/03\/Mi\u0119dzynarodowy-Dzie\u0144-Teatru-opracowanie-Magdalena-Wacowska.pdf\">Mi\u0119dzynarodowy Dzie\u0144 Teatru-opracowanie Magdalena Wacowska(90,7KB, pdf)<\/a><\/p>\n<p><a href=\"https:\/\/wcdn.wroc.pl\/www\/wp-content\/uploads\/2020\/03\/Aktywno\u015bci-offline.doc\">Aktywno\u015bci offline<\/a>(20,5KB, doc) &#8211; opracowanie: Magdalena Wacowska<\/p>\n<p>Polecamy dla tych wszystkich, kt\u00f3rzy chc\u0105 wpa\u015b\u0107 w dobry na\u0142\u00f3g.<br \/>\n<a href=\"https:\/\/niezlasztuka.net\/\">https:\/\/niezlasztuka.net\/<\/a><br \/>\nNiez\u0142a sztuka to sztuka podana w ciekawy spos\u00f3b. Wydarzenia<br \/>\nkulturalne, eseje, recenzje, ciekawostki i portfolia artyst\u00f3w. Ja<br \/>\nczytam i ogl\u0105dam bez przerwy.<br \/>\nKrzysztof Popiel<br \/>\nkonsultant z Zespo\u0142u Wspierania Edukacji Artystycznej<br \/>\ni Kulturalnej Wroc\u0142awskiego Centrum Doskonalenia Nauczycieli.<\/p>\n","protected":false},"excerpt":{"rendered":"<p>\u015awi\u0119tujmy Dzie\u0144 Ziemi \u015awi\u0119to Zabytk\u00f3w-opracowanie Magdalena Wacowska(405KB, pdf) \u015awiatowy Dzie\u0144 Sztuki(527KB, pdf) https:\/\/padlet.com\/zdalnasztuka\/q8trsbhrt4q0 https:\/\/padlet.com\/zdalnasztuka\/hozeojx57lkv Mi\u0119dzynarodowy Dzie\u0144 Teatru-opracowanie Magdalena Wacowska(90,7KB, pdf) Aktywno\u015bci offline(20,5KB, doc) &#8211; opracowanie: Magdalena Wacowska Polecamy dla tych wszystkich, kt\u00f3rzy chc\u0105 wpa\u015b\u0107 w dobry na\u0142\u00f3g. https:\/\/niezlasztuka.net\/ Niez\u0142a sztuka &hellip; <a href=\"https:\/\/www.wcdn.wroc.pl\/www\/?page_id=2126\">Czytaj dalej <span class=\"meta-nav\">&rarr;<\/span><\/a><\/p>\n","protected":false},"author":1,"featured_media":0,"parent":0,"menu_order":0,"comment_status":"closed","ping_status":"closed","template":"","meta":[],"_links":{"self":[{"href":"https:\/\/www.wcdn.wroc.pl\/www\/index.php?rest_route=\/wp\/v2\/pages\/2126"}],"collection":[{"href":"https:\/\/www.wcdn.wroc.pl\/www\/index.php?rest_route=\/wp\/v2\/pages"}],"about":[{"href":"https:\/\/www.wcdn.wroc.pl\/www\/index.php?rest_route=\/wp\/v2\/types\/page"}],"author":[{"embeddable":true,"href":"https:\/\/www.wcdn.wroc.pl\/www\/index.php?rest_route=\/wp\/v2\/users\/1"}],"replies":[{"embeddable":true,"href":"https:\/\/www.wcdn.wroc.pl\/www\/index.php?rest_route=%2Fwp%2Fv2%2Fcomments&post=2126"}],"version-history":[{"count":13,"href":"https:\/\/www.wcdn.wroc.pl\/www\/index.php?rest_route=\/wp\/v2\/pages\/2126\/revisions"}],"predecessor-version":[{"id":4526,"href":"https:\/\/www.wcdn.wroc.pl\/www\/index.php?rest_route=\/wp\/v2\/pages\/2126\/revisions\/4526"}],"wp:attachment":[{"href":"https:\/\/www.wcdn.wroc.pl\/www\/index.php?rest_route=%2Fwp%2Fv2%2Fmedia&parent=2126"}],"curies":[{"name":"wp","href":"https:\/\/api.w.org\/{rel}","templated":true}]}}