{"id":2141,"date":"2020-03-26T11:38:56","date_gmt":"2020-03-26T10:38:56","guid":{"rendered":"https:\/\/wcdn.wroc.pl\/www\/?page_id=2141"},"modified":"2020-04-01T13:20:03","modified_gmt":"2020-04-01T11:20:03","slug":"jezyk-polski","status":"publish","type":"page","link":"https:\/\/www.wcdn.wroc.pl\/www\/?page_id=2141","title":{"rendered":"J\u0119zyk polski"},"content":{"rendered":"<p><img loading=\"lazy\" class=\"alignnone size-medium wp-image-2229 alignright\" src=\"https:\/\/wcdn.wroc.pl\/www\/wp-content\/uploads\/2020\/04\/je\u0328zyk-p-300x259.png\" alt=\"\" width=\"300\" height=\"259\" srcset=\"https:\/\/www.wcdn.wroc.pl\/www\/wp-content\/uploads\/2020\/04\/je\u0328zyk-p-300x259.png 300w, https:\/\/www.wcdn.wroc.pl\/www\/wp-content\/uploads\/2020\/04\/je\u0328zyk-p-768x662.png 768w, https:\/\/www.wcdn.wroc.pl\/www\/wp-content\/uploads\/2020\/04\/je\u0328zyk-p-1024x883.png 1024w, https:\/\/www.wcdn.wroc.pl\/www\/wp-content\/uploads\/2020\/04\/je\u0328zyk-p.png 1278w\" sizes=\"(max-width: 300px) 100vw, 300px\" \/><\/p>\n<p><a href=\"https:\/\/wcdn.wroc.pl\/www\/wp-content\/uploads\/2020\/03\/Propozycja-dla-nauczycieli-j\u0119zyka-polskiego-szk\u00f3\u0142-ponadpodstawowych.doc\">Propozycja dla nauczycieli j\u0119zyka polskiego szk\u00f3\u0142 ponadpodstawowych &#8211; <\/a>opracowanie: Bo\u017cena \u015awi\u0119ch, Ewa Obara- Gr\u0105czewska<\/p>\n<p><a href=\"https:\/\/wcdn.wroc.pl\/www\/wp-content\/uploads\/2020\/03\/Propozycje-wykorzystania-materia\u0142\u00f3w-j\u0119zyk-polski-szko\u0142a-ponadpodstawowa.doc\">Propozycje wykorzystania materia\u0142\u00f3w \u2013 j\u0119zyk polski szko\u0142a ponadpodstawowa <\/a>&#8211; opracowanie: Bo\u017cena \u015awi\u0119ch, Ewa Obara- Gr\u0105czewska<\/p>\n","protected":false},"excerpt":{"rendered":"<p>Propozycja dla nauczycieli j\u0119zyka polskiego szk\u00f3\u0142 ponadpodstawowych &#8211; opracowanie: Bo\u017cena \u015awi\u0119ch, Ewa Obara- Gr\u0105czewska Propozycje wykorzystania materia\u0142\u00f3w \u2013 j\u0119zyk polski szko\u0142a ponadpodstawowa &#8211; opracowanie: Bo\u017cena \u015awi\u0119ch, Ewa Obara- Gr\u0105czewska<\/p>\n","protected":false},"author":1,"featured_media":0,"parent":0,"menu_order":0,"comment_status":"closed","ping_status":"closed","template":"","meta":[],"_links":{"self":[{"href":"https:\/\/www.wcdn.wroc.pl\/www\/index.php?rest_route=\/wp\/v2\/pages\/2141"}],"collection":[{"href":"https:\/\/www.wcdn.wroc.pl\/www\/index.php?rest_route=\/wp\/v2\/pages"}],"about":[{"href":"https:\/\/www.wcdn.wroc.pl\/www\/index.php?rest_route=\/wp\/v2\/types\/page"}],"author":[{"embeddable":true,"href":"https:\/\/www.wcdn.wroc.pl\/www\/index.php?rest_route=\/wp\/v2\/users\/1"}],"replies":[{"embeddable":true,"href":"https:\/\/www.wcdn.wroc.pl\/www\/index.php?rest_route=%2Fwp%2Fv2%2Fcomments&post=2141"}],"version-history":[{"count":2,"href":"https:\/\/www.wcdn.wroc.pl\/www\/index.php?rest_route=\/wp\/v2\/pages\/2141\/revisions"}],"predecessor-version":[{"id":2255,"href":"https:\/\/www.wcdn.wroc.pl\/www\/index.php?rest_route=\/wp\/v2\/pages\/2141\/revisions\/2255"}],"wp:attachment":[{"href":"https:\/\/www.wcdn.wroc.pl\/www\/index.php?rest_route=%2Fwp%2Fv2%2Fmedia&parent=2141"}],"curies":[{"name":"wp","href":"https:\/\/api.w.org\/{rel}","templated":true}]}}